 common factor of t and 52?
4
Suppose 243*r = 241*r + 638. Let s = 336 - r. What is the highest common divisor of s and 629?
17
Let r be (5876/(-130))/((1/50)/(-1)). Calculate the highest common divisor of 20 and r.
20
Let f(j) = -j**3 + j**2 + 8*j - 4. Let r be f(3). Suppose 0 = -2*b + r*i, 18*b - i + 18 = 23*b. What is the highest common divisor of 7 and b?
1
Suppose -v - 382 = -5*t - 497, 125 = 2*v + 5*t. Calculate the highest common divisor of 3744 and v.
16
Suppose 41*l - 1400 = 6*l. Let r = 11 + -8. Suppose 54 = r*q - 2*n, -3*q + 26 = -4*n - 34. Calculate the greatest common divisor of l and q.
8
Let c be (-10 - (-306)/30)/(0 - 3/(-13035)). What is the highest common divisor of 11 and c?
11
Let z be 3*(-1 - -3)*-286*1/(-12). Let y = -56 + 155. What is the greatest common factor of z and y?
11
Let c = -4393 + 6597. Suppose -15*s + c - 554 = 0. What is the greatest common factor of 66 and s?
22
Let h be 21*(-5)/(-30)*-2. Let z be (2 + 2)*(h + 259/14). What is the highest common factor of z and 161?
23
Suppose -3*b - 15 = 0, 4*b = 5*g - 0*g - 35. Let x be -13*((-1)/g)/(1/3). Suppose -2*r - 9 = -x. Calculate the greatest common factor of r and 5.
1
Let g = -69 + 342. Suppose 2*f - 3 = -9*p + 210, -2*f - 5*p = -153. Calculate the greatest common factor of f and g.
39
Let p be 1/4*7*(-960)/40. Let s = p + 90. What is the highest common divisor of s and 64?
16
Let x = -3239 + 3799. Calculate the highest common divisor of 175 and x.
35
Suppose 0 = -36*a + 34*a - 2. Let n be 49874/77 - a/(-7)*-2. Calculate the greatest common factor of 81 and n.
81
Suppose -3*j + 1499 = t, 0 = t + j - 2145 + 664. Calculate the greatest common divisor of 437 and t.
23
Let n(m) = 5*m - 11 + 6*m + m**2 + 5 - 37 - 31. Let p be n(-18). Calculate the greatest common divisor of 208 and p.
52
Let u(k) = 7*k**2 - 3*k - 37. Let q(x) = -20*x**2 + 10*x + 110. Let p(f) = -6*q(f) - 17*u(f). Let g be p(-3). Calculate the greatest common divisor of g and 25.
5
Let x = -16955 - -23717. What is the highest common divisor of 276 and x?
138
Let v be (-139919)/(-1145) + 2/(-10) + -1. Calculate the greatest common divisor of v and 1.
1
Let i = 416 - 390. Suppose -40*m + i*m = -448. Calculate the greatest common divisor of 8 and m.
8
Let n(c) = -23*c**2 - 330*c + 12. Let z be n(-12). Calculate the greatest common divisor of 924 and z.
132
Let c(w) = 20*w**2 - w - 1. Let y be c(-1). Let l be -1*35 - (17 - y). Let h = l + 34. What is the highest common divisor of h and 1?
1
Suppose 0 = -96*y + 95*y - 1, 4*v - 2*y = 82. What is the highest common divisor of 16 and v?
4
Let o be (-6)/(-14)*4998/(-204)*(-56)/3. What is the highest common factor of 18620 and o?
196
Let n(f) = f**2 + 8*f - 24. Let p be n(-12). Suppose p = z + 22. Suppose -3*g = -2*o - 2, 2*g + 5 = z*o + 3. Calculate the highest common factor of 36 and g.
4
Let m = -199 - -229. Suppose 2*o - 1120 = -4*h, -14*o - 3*h = -16*o + 1155. Calculate the highest common factor of m and o.
30
Let h(t) = -2*t**2 - 93*t + 2869. Let d be h(21). Calculate the greatest common divisor of 10744 and d.
34
Let b(s) = s**3 + 66*s**2 + 99*s - 99. Let u be b(-64). Calculate the greatest common factor of 7 and u.
7
Let l = 726 + -1315. Let c = l + 610. What is the highest common divisor of c and 56?
7
Suppose -43*x + 3*i = -40*x - 45, 3*i - 25 = -2*x. Calculate the greatest common divisor of x and 2009.
7
Suppose -208 = -2*a - 4*n, n = 3*a - 340 + 14. Let p = -38 + a. Calculate the highest common divisor of 14 and p.
14
Suppose 18*j = 6*j - 144. Let i(r) = -r**2 - 11*r + 15. Let d be i(j). Let l be (-15)/10*(-131 + d). Calculate the greatest common divisor of 32 and l.
32
Suppose -56 = -7*v + 28. Suppose v*o = 8*o + 20. Suppose -36 = -o*g + 4. What is the highest common factor of 72 and g?
8
Let i be (-1 + -7 + -2)/((-3)/12). Suppose i = a - n, a + 4*n + 1 = 61. Let k be 2648/a - (0 - 2/(-11)). Calculate the greatest common factor of k and 10.
10
Let a be 2476/7 + 390/1365. Calculate the highest common divisor of 54 and a.
6
Let n = 16190 - 16064. Calculate the highest common divisor of n and 207.
9
Let u be 2/(-1) + (837 - -2). Let z be 2/((78 - 102) + (-4476)/(-186)). What is the greatest common divisor of u and z?
31
Let l be 24/(-56) - (-17)/7. Let v(k) = 7*k**2 - 2*k**l - 32 - 6*k**2 + 10*k + 13*k. Let d be v(21). Calculate the highest common divisor of 25 and d.
5
Suppose -466*c = -439*c - 132678. Calculate the greatest common factor of c and 252.
126
Let h = 76887 + -76603. Suppose -4*x - 5*w + 218 = -x, 3*w + 352 = 5*x. What is the highest common factor of x and h?
71
Let d be (-2)/(-24) + (-24460)/(-240). What is the greatest common divisor of 34 and d?
34
Let g be ((-90)/(-35))/((-1)/(-63)). Suppose 2*u = -4*u + g. Let a be -3*2/((-6)/297). What is the greatest common factor of u and a?
27
Suppose n + 525 = 6*n. Let f = 7877 + -7730. What is the highest common divisor of n and f?
21
Suppose 0 = 4*l + 8 - 12, 3*y + 2*l = 1064. What is the highest common factor of y and 1534?
118
Let m = 39 - 325. Let p = -281 - m. What is the highest common factor of p and 45?
5
Let q be 2/(-5) - ((-108)/10 - 66/(-165)). Let p be 0*(2 + -2 + 1). Let l be (-1 - p) + 44 + -3. What is the greatest common factor of q and l?
10
Suppose 36783 = 4*b - 107*n + 112*n, 5*n + 36833 = 4*b. What is the greatest common divisor of b and 2?
2
Let b be (-30)/4*17/(1020/10512). Let x be 10*2/((-24)/b). Calculate the highest common divisor of 15 and x.
15
Let b be 3/6 + (-1)/2. Suppose 0*l - 5*l - j + 97 = b, -5*j + 45 = 3*l. Let n = 6173 + -6153. Calculate the greatest common factor of l and n.
20
Suppose 0 = 429*h - 424*h - 81965. Calculate the highest common factor of h and 169.
169
Let b be 0/(4/6*-3). Suppose 0 = 7*z - b*z. Suppose -l = -z*l - 10. Calculate the highest common factor of l and 40.
10
Let a(z) = -z**3 - 8*z**2 - 4*z - 12. Suppose 0 = 5*m - 5 + 10. Let n be (-30)/6 - (3 - m). Let s be a(n). Calculate the greatest common divisor of s and 15.
15
Let q(s) = -s**3 + 21*s**2 - 15*s + 21. Let o be q(21). Let y = 311 + o. Calculate the highest common divisor of 17 and y.
17
Let h(p) = p**3 - 18*p**2 + 14*p + 59. Let t be h(17). Calculate the greatest common factor of 776 and t.
8
Suppose -15 = n + 4*n. Let l be 2*n/3*2. Let j be 8/(l/(3 + -5)). Calculate the highest common divisor of j and 44.
4
Let f be ((-231)/(-6))/((-16)/(-32)). Calculate the greatest common factor of 98 and f.
7
Suppose -8*a - 41 = -d - 6*a, -d + 20 = -5*a. Suppose 2*s - 618 = 372. Calculate the greatest common factor of d and s.
55
Let a(l) = -l**3 - 5*l**2 - 8*l + 5. Let k be a(-8). Suppose -261 = -3*p + 63. Let y = 137 - p. What is the greatest common factor of y and k?
29
Let v(j) = -125*j**3 + 8*j**2 + 20*j + 8. Let r be v(-2). Suppose -770 = 993*t - r*t. What is the greatest common factor of t and 40?
10
Suppose 5*h + 26 = 101. Suppose 2*t + 14 = 8. Let a = h - t. Calculate the greatest common divisor of 24 and a.
6
Let j = 216 - 56. Suppose 103 - 79 = -i. Let v = -4 - i. What is the greatest common divisor of j and v?
20
Let n(v) = -v + 86. Let f(h) = 88. Let k(b) = 4*f(b) - 3*n(b). Let x be k(-23). Calculate the highest common factor of x and 75.
25
Let k(c) = 27*c + 46. Let w be k(-2). Let f(v) = 7*v**2 + 41*v + 10. Let u be f(w). What is the greatest common factor of u and 26?
26
Let m(z) = 6*z**2 + 3*z + 9. Let w be 1/(-2) + (-95)/38. Let d be m(w). Calculate the greatest common divisor of d and 3.
3
Let d(r) = r**2 + 5*r - 1. Let y be d(-6). Let g = -4441 - -4449. Suppose y + 171 = g*t. Calculate the highest common divisor of 198 and t.
22
Suppose -29*p + 22*p - 14 = 0. Let s(b) = -16*b**3 - 2*b**2 - 2*b + 2. Let h be s(p). What is the greatest common divisor of h and 28?
14
Let c(x) = 32*x**2 - 6*x - 2. Let f be c(-1). Calculate the greatest common factor of 3006 and f.
18
Let l(d) = -d**2 - 42*d - 18. Let i be l(-15). Let z = 2197 + -2111. Calculate the greatest common divisor of z and i.
43
Suppose g + 12 = -3*g, 5*l + 3*g - 41 = 0. Let a = l - -23. Suppose a*w - 27*w = 78. What is the highest common factor of w and 52?
13
Let b(c) = c**3 - 4*c**2 + 58*c - 447. Let x be b(8). What is the greatest common factor of 351 and x?
39
Suppose -102*y + 98*y = -5*z - 10041, -5*z = -y 